9
What are the prime factors of 522529?
7, 17, 4391
What are the prime factors of 1086648?
2, 3, 19, 2383
List the prime factors of 1012378.
2, 211, 2399
List the prime factors of 15362828.
2, 13, 295439
What are the prime factors of 300155?
5, 173, 347
What are the prime factors of 795082?
2, 397541
List the prime factors of 5674235.
5, 7, 223, 727
List the prime factors of 1314040.
2, 5, 7, 13, 19
What are the prime factors of 3760424?
2, 31, 59, 257
What are the prime factors of 158955?
3, 5, 10597
What are the prime factors of 1046713?
83, 12611
List the prime factors of 23807101.
31, 41, 18731
What are the prime factors of 203409?
3, 97, 233
List the prime factors of 963493.
23, 163, 257
What are the prime factors of 2641181?
1303, 2027
What are the prime factors of 158637?
3, 52879
What are the prime factors of 864409?
7, 13, 23, 59
What are the prime factors of 314286?
2, 3, 7, 1069
List the prime factors of 1677341.
283, 5927
List the prime factors of 1889449.
743, 2543
What are the prime factors of 4034709?
3, 7, 1307
What are the prime factors of 3651200?
2, 5, 7, 163
List the prime factors of 1766238.
2, 3, 431, 683
List the prime factors of 8205279.
3, 2735093
List the prime factors of 305174.
2, 53, 2879
List the prime factors of 348149.
348149
What are the prime factors of 679767?
3, 11, 20599
List the prime factors of 5234013.
3, 581557
What are the prime factors of 7984579?
19, 420241
List the prime factors of 1957760.
2, 5, 7, 19, 23
What are the prime factors of 1212309?
3, 7, 2749
List the prime factors of 406182.
2, 3, 7, 19, 509
What are the prime factors of 10999722?
2, 3, 241, 7607
What are the prime factors of 4744802?
2, 17, 8209
What are the prime factors of 1943958?
2, 3, 281, 1153
List the prime factors of 169504.
2, 5297
What are the prime factors of 1000196?
2, 250049
What are the prime factors of 193056?
2, 3, 2011
What are the prime factors of 15985?
5, 23, 139
List the prime factors of 617206.
2, 113, 2731
What are the prime factors of 432602?
2, 163, 1327
List the prime factors of 353853.
3, 39317
List the prime factors of 14957548.
2, 3739387
What are the prime factors of 4123517?
1993, 2069
What are the prime factors of 1438157?
7, 41, 5011
List the prime factors of 214134.
2, 3, 89, 401
List the prime factors of 3348244.
2, 107, 7823
What are the prime factors of 1449167?
1449167
What are the prime factors of 14839014?
2, 3, 2473169
List the prime factors of 1656248.
2, 11, 29, 59
What are the prime factors of 2482196?
2, 620549
List the prime factors of 383122.
2, 191561
What are the prime factors of 801386?
2, 29, 41, 337
List the prime factors of 132673.
181, 733
What are the prime factors of 1579040?
2, 5, 71, 139
List the prime factors of 13044784.
2, 53, 15383
List the prime factors of 4008388.
2, 673, 1489
List the prime factors of 3149988.
2, 3, 23, 101, 113
What are the prime factors of 33760?
2, 5, 211
List the prime factors of 342691.
342691
List the prime factors of 185612.
2, 7, 947
List the prime factors of 8852711.
7, 43, 29411
What are the prime factors of 167912?
2, 139, 151
List the prime factors of 111451.
59, 1889
What are the prime factors of 3090164?
2, 7, 11, 79, 127
What are the prime factors of 5389071?
3, 31, 57947
List the prime factors of 9213734.
2, 641, 7187
What are the prime factors of 390019?
7, 55717
List the prime factors of 672359.
23, 31, 41
What are the prime factors of 403308?
2, 3, 17, 659
What are the prime factors of 33533211?
3, 37, 317, 953
List the prime factors of 6238999.
13, 43, 11161
What are the prime factors of 482099?
482099
List the prime factors of 2747979.
3, 13, 7829
What are the prime factors of 429647?
19, 22613
List the prime factors of 273114.
2, 3, 15173
List the prime factors of 10761864.
2, 3, 61, 7351
List the prime factors of 17131657.
17131657
List the prime factors of 2350323.
3, 87049
What are the prime factors of 26190169?
23, 1138703
List the prime factors of 592923.
3, 197641
What are the prime factors of 15920421?
3, 11, 482437
List the prime factors of 24755955.
3, 5, 7, 19, 12409
List the prime factors of 476563.
31, 15373
List the prime factors of 244797.
3, 7, 11657
List the prime factors of 80659.
79, 1021
List the prime factors of 6988972.
2, 17, 79, 1301
List the prime factors of 101026.
2, 50513
What are the prime factors of 21467600?
2, 5, 7, 11, 17, 41
What are the prime factors of 22622827?
22622827
List the prime factors of 1001347.
1001347
List the prime factors of 72782.
2, 151, 241
What are the prime factors of 128657?
128657
What are the prime factors of 25966926?
2, 3, 43, 53, 211
List the prime factors of 1645507.
137, 12011
List the prime factors of 9460217.
13, 41, 17749
What are the prime factors of 5408816?
2, 7, 6899
What are the prime factors of 1446825?
3, 5, 101, 191
List the prime factors of 301304.
2, 37663
List the prime factors of 35714.
2, 7, 2551
What are the prime factors of 174199?
17, 10247
List the prime factors of 5941812.
2, 3, 495151
List the prime factors of 17946904.
2, 73, 79, 389
List the prime factors of 75949.
53, 1433
What are the prime factors of 11360574?
2, 3, 23, 3049
What are the prime factors of 2293697?
7, 29, 11299
What are the prime factors of 2117268?
2, 3, 103, 571
List the prime factors of 2410548.
2, 3, 7, 28697
What are the prime factors of 3144953?
7, 83, 5413
List the prime factors of 101874.
2, 3, 16979
List the prime factors of 7486963.
11, 680633
What are the prime factors of 20230792?
2, 2528849
What are the prime factors of 1274350?
2, 5, 7, 11, 331
List the prime factors of 830238.
2, 3, 138373
List the prime factors of 4426097.
13, 23, 113, 131
What are the prime factors of 5058368?
2, 7, 1613
What are the prime factors of 632995?
5, 11, 17, 677
What are the prime factors of 24812704?
2, 7, 110771
List the prime factors of 817111.
817111
What are the prime factors of 23843?
113, 211
List the prime factors of 4097750.
2, 5, 37, 443
List the prime factors of 1417172.
2, 19, 29, 643
What are the prime factors of 3910077?
3, 479, 907
What are the prime factors of 7535611?
367, 20533
What are the prime factors of 644868?
2, 3, 7, 853
What are the prime factors of 1344426?
2, 3, 224071
What are the prime factors of 1595824?
2, 17, 5867
What are the prime factors of 764671?
67, 101, 113
What are the prime factors of 191363?
31, 6173
List the prime factors of 493828.
2, 123457
List the prime factors of 1512120.
2, 3, 5, 12601
List the prime factors of 95120.
2, 5, 29, 41
List the prime factors of 50315.
5, 29, 347
List the prime factors of 166991.
11, 17, 19, 47
What are the prime factors of 1249878?
2, 3, 7, 29759
What are the prime factors of 3567384?
2, 3, 49547
List the prime factors of 2104801.
19, 47, 2357
What are the prime factors of 23082?
2, 3, 3847
What are the prime factors of 2826845?
5, 7, 17, 4751
What are the prime factors of 767739?
3, 7, 36559
List the prime factors of 782653.
79, 9907
What are the prime factors of 359460?
2, 3, 5, 1997
List the prime factors of 9141153.
3, 7, 211, 2063
What are the prime factors of 83476?
2, 41, 509
What are the prime factors of 6150024?
2, 3, 229, 373
List the prime factors of 794312.
2, 99289
List the prime factors of 4670504.
2, 19, 30727
What are the prime factors of 962361?
3, 109
What are the prime factors of 6909168?
2, 3, 7, 20563
What are the prime factors of 264454?
2, 23, 5749
What are the prime factors of 546172?
2, 11, 12413
What are the prime factors of 27925?
5, 1117
What are the prime factors of 90607?
11, 8237
What are the prime factors of 11168765?
5, 2233753
List the prime factors of 362314.
2, 181157
What are the prime factors of 14794539?
3, 17, 263, 1103
List the prime factors of 23010770.
2, 5, 2301077
What are the prime factors of 494864?
2, 157, 197
List the prime factors of 168273.
3, 7, 2671
List the prime factors of 4424855.
5, 23, 109, 353
List the prime factors of 94773.
3, 7, 4513
List the prime factors of 96194.
2, 7, 6871
What are the prime factors of 9530944?
2, 148921
List the prime factors of 21723141.
3, 11, 658277
What are the prime factors of 596990?
2, 5, 59699
What are the prime factors of 6052419?
3, 263, 2557
List the prime factors of 2828886.
2, 3, 471481
What are the prime fa